*(11 - (-200)/(-24)). Suppose -5*g + 72 = -2*z - q, -312 = -3*g + 2*z. What is the remainder when g is divided by 9?
5
Let r = 247 - 162. Let u = r + -82. Suppose -28 = -q - 5*p, u*p - 1 - 35 = -3*q. Calculate the remainder when 47 is divided by q.
7
Suppose 4*p - 5*p - 3 = 0. Calculate the remainder when 2*32 - (p - (3 - 3)) is divided by 17.
16
Let f be ((-19)/(95/450))/(-1). Let a = f - 79. Let i = -15 + 47. What is the remainder when i is divided by a?
10
Let g = 57 - 38. Suppose -j + g = -4*d + 852, 2*d - 424 = -2*j. What is the remainder when d is divided by 53?
50
Let r = -9072 - -12838. What is the remainder when r is divided by 18?
4
Suppose 4*h + 35 = -14*y + 9*y, 3*h = -4*y - 28. Calculate the remainder when 457 is divided by (66 - -3 - y) + 1.
72
Let m = -1735 - -1811. What is the remainder when 756 is divided by m?
72
Let n = 3730 - 3714. What is the remainder when 783 is divided by n?
15
Let u(q) = -q**3 + 2*q**2 - 4. Let h be -240*(-3)/9*3. Suppose -x - 3*x + 480 = -2*l, -3*l = -2*x + h. What is the remainder when x is divided by u(-3)?
38
Let h(b) be the second derivative of -5/2*b**2 + 0 + 1/12*b**4 + 7/3*b**3 + 14*b. Calculate the remainder when 39 is divided by h(-15).
9
Let y be 138/42 - ((-8)/14)/(-2). Suppose -y*n = -13*n + 50. Suppose 4*z - 18 = -2*k + 108, -n*z = -2*k - 180. What is the remainder when z is divided by 12?
10
Let l be (14/5)/(9/(-135)). Let d = 44 + -29. What is the remainder when l/(-189) + (-358)/(-9) is divided by d?
10
Suppose -2*u + m - 354 = 0, 0 = -5*u + 10*u + 3*m + 885. Let z = u - -296. Calculate the remainder when z is divided by 24.
23
Let m = 41 + -39. Suppose 3*l + 1 = 4*g, -m*g = -7*g - l + 25. Calculate the remainder when 11 is divided by 2/g*(-12)/(-2).
2
Let z(r) = -r**2 + r + 9. Let o be z(3). Suppose -4*u - o*c + 1286 = -2*c, -2*u = -c - 640. Calculate the remainder when u is divided by 27.
24
What is the remainder when (-187037)/(-212) + 1*1/(-4) - -7 is divided by 74?
1
Let s = 112 - -7. What is the remainder when 207 is divided by s?
88
Suppose 5*o + 24 = 69. Let s = 1684 + -1579. Calculate the remainder when s is divided by o.
6
Let f = -140 + 157. Suppose f = p + 1. What is the remainder when 76 is divided by p?
12
Let o(z) = -13*z - 141. Let b be o(-11). Suppose b*s + 17 = 23. Calculate the remainder when 44 is divided by s.
2
Let m(v) = -1206*v + 453460. Let n(l) = 8*l + 2 + l + 0. Calculate the remainder when n(3) is divided by m(376).
1
Let m(d) = 2*d + 1. Calculate the remainder when (308/(-8))/((-2717)/3458) is divided by m(2).
4
Suppose 3*n + x = 746, 4*n + 3*x - 6*x - 1012 = 0. Calculate the remainder when 911 is divided by n.
161
Let y(w) = 7*w**2 - 84*w + 92. What is the remainder when 9644 is divided by y(11)?
14
Let x(w) = 960*w + 12487. Suppose 38 = i + i. Calculate the remainder when i is divided by x(-13).
5
Let v(f) = -f. Let n be v(-2). Suppose 7*k - 91 = 4*k + 5*z, -5*k - n*z = -193. What is the remainder when (-12)/(-28) - 6355/(-35) is divided by k?
34
Suppose 55*b = 56*b - 59. Let j = b + -57. Calculate the remainder when 43 is divided by j.
1
Let d = 14170 + -13948. Calculate the remainder when d is divided by 169.
53
Suppose -183*j + 513 + 235 = -2546. Let a = 215 + 862. Suppose -5*s - 3*m + a = 0, -631 = -s - 2*s + 2*m. What is the remainder when s is divided by j?
15
Let x = -781368 - -781393. Let w(y) = y**2 - 3*y + 1. What is the remainder when x is divided by w(5)?
3
What is the remainder when 5149 is divided by (-35 + (-3 - -36))/(2/(-23))?
20
Suppose 0*u = -2*u + 3*f + 114, -4*f - 232 = -4*u. Suppose -2*r = 35*r - 5402. Let c = -130 + r. What is the remainder when u is divided by c?
12
What is the remainder when 985 is divided by -1 + (-2238)/(-38) + (20/(-95))/(-2)?
57
Let x = -13 + 38. Suppose -4*j + 12 = 0, 0 = -2*f - 2*j - 2*j + 704. What is the remainder when f is divided by x?
21
Let n(f) = 2*f**3 - 39*f**2 + 19*f + 15. Suppose -129 - 4 = -7*d. Calculate the remainder when 42 is divided by n(d).
12
Let n(s) = -597*s + 2005. Suppose -3*l + 10 = -125. What is the remainder when n(3) is divided by l?
34
Let r be 1*-19 - (-3 + 4)*1. Let c = r + 24. Calculate the remainder when 41 is divided by c + (-4 - 16)/(-2).
13
Calculate the remainder when 1/(((-4)/1910)/((-12)/60 + -1)) is divided by 97.
88
Let l(x) = -28*x**3 + 7*x**2 - 6*x. Let k be l(4). Let v be (-6)/14 - k/56. Let h = v - -28. What is the remainder when h is divided by 15?
13
Let n = -3697 + 3673. Let t = -287 + 827. What is the remainder when 51 is divided by t/n*(2 - 8/3)?
6
Calculate the remainder when (-2 - (2 + 6 + -7)) + (2416 - -1) is divided by 481.
9
Let u = 17028 - 16273. What is the remainder when u is divided by 109?
101
Let s be (9/(81/(-150)))/((-2)/72). Suppose 5*v - 3*y - s = y, 4*v - y - 491 = 0. What is the remainder when v is divided by 25?
24
Let r = -60 + 64. Let x be (-2)/7 + 3656/56. Suppose r*d = -2*w - 3*w + x, -4*w - 30 = -5*d. What is the remainder when 39 is divided by d?
9
Suppose d + 68 + 23 = j, -4*j + 336 = 10*d. What is the remainder when 532 is divided by j?
87
Let v be (-3)/(5 - (9 + -3)). Suppose v*i - 7*i = 3*x - 59, 4*x + 4*i = 84. What is the remainder when 206 is divided by x?
6
Suppose 5*h = -5*f + 65, -f - 41 = -6*f + 3*h. Suppose 18*o + z = 23*o - 402, 5*z = -f. Calculate the remainder when o is divided by 21.
17
Let a be (-3)/(-1) + -5 + 52. Suppose -47*t + 12 = -a*t. What is the remainder when 46 is divided by (2/t)/(7/(-252))?
10
Let d(o) = 60*o - 268. Suppose -30 = 8*t - 70. Let r(z) = -21*z - 1. Calculate the remainder when r(-6) is divided by d(t).
29
Suppose 0 = -3*n + 27*n - 5448. What is the remainder when n is divided by 68?
23
Suppose -20*o = -37*o - 14*o + 20336. Calculate the remainder when o is divided by 12.
8
Let u(g) = 5*g**2 + 602*g + 323. What is the remainder when u(-121) is divided by 228?
2
Suppose -413*x + 409*x + 81 = 3*v, 5*x - 81 = 3*v. Let a = -400 + 903. Calculate the remainder when a is divided by x.
17
Suppose 4*h - 6*q = -3*q + 9, h - 4*q - 12 = 0. Suppose r - 2*r + 3*j + 50 = h, 2*r + 4*j = 80. Let l = -55 + 64. What is the remainder when r is divided by l?
8
What is the remainder when (-19)/(247/39) + (-980)/(-1) is divided by 318?
23
Calculate the remainder when 6472 is divided by ((-2241)/36)/(-10 + (-117)/(-12)).
247
What is the remainder when -1385*(3/(-30))/((-10)/(-20)) is divided by 28?
25
Let o = 397 - 255. Let a = o - 54. What is the remainder when a is divided by 13?
10
Suppose 14*i - 12*i = 40. Suppose -3*u = -5*j - 27, 85 = 5*u - 57*j + 62*j. What is the remainder when i is divided by u?
6
Let c(f) = f**2 - 20*f + 19. Let u be c(1). Suppose u = -110*h + 100*h + 120. Calculate the remainder when 32 is divided by h.
8
Let o(s) = s + 26. Let r(x) = -15*x**2 + 4*x + 4. Let g be r(-1). Let h be o(g). Let n = 15 - h. What is the remainder when 20 is divided by n?
0
Suppose 1810 = -2*y - 67*f + 63*f, -5*y = -3*f + 4499. Let a = -833 - y. What is the remainder when 203 is divided by a?
67
Suppose 138 + 15 = 3*y - 5*t, -4*t = -5*y + 268. What is the remainder when 270 is divided by y?
46
Let w(l) = l**3 - 23*l**2 + l - 8. Suppose 3*u - 92 = -u. Calculate the remainder when 73 is divided by w(u).
13
Let v(o) = 6*o**3 + o**2 + o + 1. Let t be v(-1). Let a(i) = -i + 2. What is the remainder when (-542)/(-45) + 950/(-21375) is divided by a(t)?
5
Let q = 49 - 105. Let t = -53 - q. Let v = -6 - -13. What is the remainder when v is divided by t?
1
Let s(v) = 6*v**2 + 12*v + 9. Let q(m) = 3*m**2 + 5*m + 4. Let y(x) = 9*q(x) - 4*s(x). What is the remainder when y(-4) is divided by 50?
10
Let j = 3684 + -3276. What is the remainder when j is divided by 30?
18
Suppose 12*i - 312 = -0 + 12. Let v = 14 - -9. Calculate the remainder when i is divided by v.
4
Calculate the remainder when 10008 is divided by 15/(-7) + 363498/1974.
180
Suppose 25*y = 18*y + 1764. Let j = 568 - y. What is the remainder when j is divided by 29?
26
Let r(f) = -64*f - 3950. Calculate the remainder when 446 is divided by r(-63).
36
Let d = 263 - 154. What is the remainder when d is divided by (-4 + 12 - 11)/((-6)/56)?
25
Suppose -223*h = 9487 - 133475. Calculate the remainder when 1669 is divided by h.
1
Suppose -w = 8*w + 2970. Let n = w + 346